). Is c(2) a prime number?
False
Suppose 4*q = -5*l + 8, q - 7 = 6*q + 2*l. Let p(y) = y**2 + y - 3 + 0 + 4 - 5*y. Is p(q) a prime number?
False
Suppose 23*c - 3262 - 579 = 0. Is c a prime number?
True
Suppose -f + 3 = -0*f. Suppose 485 + 394 = -f*l + 3*m, m + 580 = -2*l. Let h = l - -556. Is h a prime number?
False
Let y(v) = 8 - v**3 + 2 + 2*v**2 + 9*v**2 - 5*v. Is y(9) a prime number?
True
Let j be (-48 - 3)/(-1) + 0. Let i = 116 + j. Is i prime?
True
Suppose -x + 3*h = -124 - 25, x - 149 = -2*h. Is x composite?
False
Suppose -5*x + 14 + 6 = 0. Suppose -5*r = 4*g - 266, -x*r + 50 = g - 11. Is g a composite number?
True
Suppose 0 = 5*y - 16 - 4. Suppose -m = m. Suppose m*z - z + y = 0. Is z a composite number?
True
Let z(i) = 3*i**2 - i + 13. Is z(-6) a composite number?
False
Let r be (-14)/((-24)/(-14) - 2). Let p = 1 + -3. Let y = r + p. Is y a composite number?
False
Let i(l) = l**2 + 2*l + 7. Is i(-5) prime?
False
Let l(b) = b**3 + 8*b**2 + 4*b + 1. Suppose -3*w = 4 + 17. Is l(w) composite?
True
Let x = -301 + 149. Let q = 279 + x. Is q a composite number?
False
Let v be (6 - -51)*(-1 - -3). Suppose 4*c = 8, c = 2*g - v + 38. Is g a prime number?
False
Suppose -5*q - 70 = -255. Let v = 39 + q. Suppose v = a + 3*g, 2*a = -4*g - 23 + 177. Is a composite?
False
Let t(c) = 16*c - 6. Let v be t(-6). Let o be -1*3/1 - v. Suppose -f = -22 - o. Is f a composite number?
True
Let s(g) = -2*g**3 + 16*g**2 + 9 + g**3 - g - 3*g**2 + 3. Let p be s(13). Is 215/(-1*1/p) composite?
True
Let l = 146 + 75. Is l composite?
True
Let l be (-1 - -1) + 25/1. Suppose 2*z = -2*f - 62, -3*f - 116 + l = 4*z. Is 2 - (-1 - -1) - f a composite number?
True
Suppose 0*j + 2*j + 2*b = 14, -4*j + b + 8 = 0. Let p = -3 + j. Suppose -5*m = -z + 72, -3*m + p*m = -z + 62. Is z a prime number?
True
Suppose -y = 3*y - 180. Let o(c) = -2*c**3 - 2*c**2 + 3*c - 2. Let h be o(2). Let k = h + y. Is k prime?
False
Let u = 0 + 2. Let t be 11/(u + (-27)/15). Let b = t + 12. Is b prime?
True
Let z = -255 - -542. Is z a prime number?
False
Suppose 16 = -4*i, 3*r + 2*i = -r + 16. Is (4/r)/((-2)/(-153)) a composite number?
True
Let h = -4 - -4. Let f(l) be the first derivative of l**3/3 + l**2/2 + 22*l + 2. Is f(h) a prime number?
False
Let a(b) = -b**2 - 7*b - 2. Suppose 4*y - 5*p + p = 0, 4*p + 3 = 5*y. Suppose -2*f + 2*q - 13 = y*q, -2*f - 28 = 4*q. Is a(f) a prime number?
False
Let v be 2*5*(13 - -3). Let c = 362 - v. Is c prime?
False
Suppose 4*f - 347 = -79. Is f prime?
True
Is (-1863)/(-12) + (-2)/8 a prime number?
False
Suppose w - 7 = -4. Is (4 + 2)/(w/2) a composite number?
True
Let i(u) = 0*u - 3 + 4*u**2 - 2*u + 8*u. Is i(-3) prime?
False
Suppose 2*v = -2*m + 18, -5*v + 0*m + 21 = -m. Suppose 0 = v*u - u - 2260. Is u composite?
True
Is (1 - 2)/(1/(-211)) composite?
False
Let o = 1 - 3. Let b be (-3 - -92)/(o/(-2)). Let j = b - 30. Is j composite?
False
Let f(n) = -5*n**3 - 7*n**2 + 3*n - 5. Let l(w) = -9*w**3 - 14*w**2 + 7*w - 10. Let r(h) = -11*f(h) + 6*l(h). Is r(7) prime?
False
Let d be 9/((27/12)/3). Let t = d + 7. Is t a composite number?
False
Let h(b) = -34*b**3 + b**2 - b - 2. Is h(-1) a prime number?
False
Suppose -40*x + 35*x = -1955. Is x a prime number?
False
Let y(r) = -r**2 - r + 1. Let c(i) = i**3 - i**2 + 11*i - 3. Let j(u) = -c(u) - 6*y(u). Let w be j(6). Suppose -w*t + 6*t - 30 = 4*g, 0 = g - 3. Is t prime?
False
Suppose 5*g = -h + 27 + 3, -g - h = -10. Let r(w) = -5*w. Let f(q) = 11*q - 1. Let k(c) = 3*f(c) + 5*r(c). Is k(g) a composite number?
False
Let z(g) = 4*g - 1. Let y be z(3). Suppose n - 128 = y. Is n a prime number?
True
Let y(g) = g**2 - 7*g - 7. Is y(17) a prime number?
True
Let s(d) = -88*d**3 + 2*d**2 + d + 2. Is s(-3) a composite number?
False
Let o be 8/12 + 97/3. Suppose -2*v - o = v. Is (-6 - -5)*3*v composite?
True
Is 6*13*10/20 composite?
True
Let i = 573 - -2506. Is i composite?
False
Suppose 4168 = 27*n - 23*n. Is n composite?
True
Let a be (-4 - -3) + 3*2. Suppose -a*x = -19 - 76. Is x a prime number?
True
Suppose 2*c + 0*c - 20 = 0. Let q be 12/c*10/2. Is (-1 - -16)*14/q composite?
True
Let i be 2 + (-8 - (1 + 1)). Let f be (-2)/4 + (-36)/i. Suppose 2*m - 133 = -f*k - m, m - 65 = -2*k. Is k prime?
True
Let c = 1755 - 1124. Is c prime?
True
Let w be (4 - 3 - -58) + -1. Let a = 107 - w. Is a prime?
False
Suppose 4*f - 12 = 328. Is f composite?
True
Suppose -m - 4*m = -575. Is m prime?
False
Let v(a) = a**3 - a**2 + 2*a - 1. Let i be v(2). Suppose -2*p - i = -305. Is p a composite number?
False
Let h be (-20)/6*342/(-4). Suppose k + 2*k - h = 0. Is k a composite number?
True
Is (3392 - -9) + (1 - -1) composite?
True
Let f = 6440 + -4593. Is f a prime number?
True
Let m(c) = -37*c + 9. Is m(-10) a composite number?
False
Let s be ((-111)/(-6))/((-1)/(-2)). Let m = 120 - s. Is m composite?
False
Let q be 95 + -2 - (0 + -2). Let p = q + -46. Is p a composite number?
True
Suppose -3*u = -12*u + 4014. Is u a prime number?
False
Let y = 10 + -8. Suppose y*u = 377 - 123. Is u a prime number?
True
Let r(j) = 8*j**2 + 6*j - 3. Is r(-3) composite?
True
Suppose 3*b - 4*b = 2*j - 417, -3 = -3*j. Is b composite?
True
Let n = 12 + -8. Suppose -4 = -4*o + n. Suppose 156 = 4*v + 2*r - 4*r, o*r - 156 = -4*v. Is v a composite number?
True
Suppose -8*m + 4*m = 2*g - 76, -m + g + 13 = 0. Suppose 13*o + 796 = m*o. Is o a prime number?
True
Suppose 0*g - g = -158. Is g a prime number?
False
Let g = -4 + 5. Is (4 - g)*356/12 a composite number?
False
Let q(s) = -2*s + 2. Let d be q(2). Is -58*(3 + 9/d) a composite number?
True
Suppose k = -1, -4*i + 2*k - 2 = 12. Let a = i + 7. Suppose -3*d + 0*d - 9 = 0, -a*d = -4*v + 157. Is v a composite number?
False
Suppose s - 9 = 2*s. Let n = -6 - s. Is n a composite number?
False
Suppose 65*r - 60*r = 1055. Is r composite?
False
Let w(v) = v**2 - 5*v + 2. Let g be w(5). Suppose 0 = 4*x + g*d - 986, 0 = 2*x + 5*d - 705 + 216. Is x a composite number?
True
Let c = 0 - 1. Is c/(((-12)/(-177))/(-4)) a composite number?
False
Let z = 12 - 5. Is z composite?
False
Let v(p) = 398*p + 53. Is v(13) prime?
True
Is 2*1/2*1*191 a composite number?
False
Let x(d) = -11*d**2 + 4*d - 6. Let n be x(-8). Let i = -258 - n. Suppose 0 = 2*u - 6*u + i. Is u composite?
True
Let g(y) = -y**3 - 4*y**2 - 3*y - 5. Is g(-5) prime?
False
Let i = 205 - -39. Suppose 4*p - i - 1832 = 0. Is p composite?
True
Let i(u) = 37*u**2 - 24*u + 36. Is i(-19) composite?
True
Suppose -3*o + 125 = -124. Is o prime?
True
Let u = 2 + 2. Let y = 21 + 166. Suppose 2*s - u*o - 82 = 0, -2*s - 3*s = -o - y. Is s prime?
True
Suppose 4*m = -0*m - 28. Let j = 0 - m. Is j prime?
True
Suppose -2 = r + 1. Let a = 4 + r. Is 1*0/a + 10 composite?
True
Suppose -67 = l + 33. Let q be 2/(-6) - l/(-15). Is 6/21 + (-145)/q composite?
True
Let h = 4971 + -3314. Is h a prime number?
True
Let i(l) = -l + 3. Let y be i(-5). Suppose -2 = 2*k - y. Suppose 18 + 3 = k*h. Is h prime?
True
Let d(x) = 4*x - 18. Let p(k) = -2*k + 9. Let t(r) = 2*d(r) + 5*p(r). Is t(0) composite?
True
Let m be 2/11 + 1308/66. Let q = 14 + -8. Let d = m - q. Is d composite?
True
Is (-2 - -2) + 975 + 2 a prime number?
True
Suppose -5*f - 5*j = -45, -3*f - 2*f - 2*j = -57. Is f a composite number?
False
Is ((-5480)/(-12))/((-10)/(-15)) a prime number?
False
Let m(v) = 3*v**2 - 3. Let j be m(6). Let z(o) = 34*o + 2. Let d be z(-2). Let g = d + j. Is g prime?
False
Suppose 4*k + 4*i - 56 = 2*i, 5*i + 55 = 3*k. Is k a composite number?
True
Let j = 62 - -101. Is j prime?
True
Suppose -5*u = -3*d + 103 + 3, 3*u + 70 = 2*d. Is 1 + d + 6/3 a composite number?
True
Suppose n - 4*b = 2*n - 778, 2*b - 2354 = -3*n. Is ((-8)/(-24))/(2/n) composite?
False
Let z(f) = f**3 - 9*f**2 - 13*f - 3. Let n be z(10). Is (-11)/n*174/1 composite?
True
Suppose 2*v = -9 + 3. Is (1/(-3))/(v/1719) a prime number?
True
Let l(z) = 3*z**3 - z + 1. Let o be l(1). Suppose 0 = n - o*n + 30. Is n a prime number?
False
Let i(f) = -4*f - 10. Is i(-5) a composite number?
True
Suppose -6 = 3*q + 9. Let j be (-5)/q - -2*4. Suppose -3*c + 0 = -j. Is c a composite number?
False
Suppose -4*k + 357 = -k. Is k prime?
False
Let y = 197 + -121. Suppose 5*q - y = q. Is q a prime number?
True
Suppose 6*r - 13*r + 4081 = 0. Is r a prime number?
False
Let z(y